c + 3. What is f(-14)?
3
Let q(b) = 2*b**2 + 8*b + 6. What is q(-4)?
6
Let y(k) = 5*k**2 + 4*k - 5. Determine y(-4).
59
Let y(z) = 15*z - 118. What is y(9)?
17
Let h(g) = -30*g + 13. Give h(5).
-137
Let x(m) = m**3 - 19*m**2 - 2*m - 9. Determine x(19).
-47
Let a(g) = -g**3 - 15*g**2 - g - 9. What is a(-15)?
6
Let o(v) = 5*v - 22. Calculate o(10).
28
Let t(n) = 17*n - 31. Give t(2).
3
Let n(f) = 19*f + 274. Determine n(-14).
8
Let g(v) = -2*v**2 - 7*v - 1. Calculate g(-6).
-31
Let y(d) = -2*d**2 + 2*d + 4. What is y(-3)?
-20
Let v(s) = 9*s**2 + 4*s. Determine v(-1).
5
Let n(o) = -o**2 + 33*o + 325. Give n(-8).
-3
Let y(n) = -3*n**2 + 5*n + 5. Give y(4).
-23
Let j(o) = o**2 + 6*o - 12. Determine j(-6).
-12
Let l(y) = y**2 - 5*y + 11. Calculate l(3).
5
Let j(x) = 2*x**3 + 14*x**2 + 6*x + 27. Calculate j(-7).
-15
Let k(d) = d**3 - 10*d**2 - 11*d. Give k(11).
0
Let o(m) = m**3 - 12*m**2 + 9*m + 22. What is o(10)?
-88
Let g(v) = -v**3 + 2*v**2 + v - 1. Determine g(0).
-1
Let r(m) = -m**3 - 10*m**2 - 11*m - 31. Calculate r(-9).
-13
Let w(a) = -a**3 + 10*a**2 - 9*a + 2. Give w(9).
2
Let j(r) = 3*r**2 + 3*r - 10. Determine j(-3).
8
Let k(q) = q**3 + 8*q**2 + 14*q + 3. Calculate k(-6).
-9
Let f(u) = u - 1. What is f(2)?
1
Let y(b) = -3*b + 11. What is y(4)?
-1
Let i(n) = -3*n + 31. Give i(7).
10
Let j(o) = o + 42. What is j(13)?
55
Let c(l) = l**3 - 6*l**2 - 2*l + 13. Give c(6).
1
Let y(o) = -2*o**3 + 77*o**2 - 38*o + 10. Determine y(38).
10
Let u(n) = n**3 - 18*n**2 - 19*n + 13. Determine u(19).
13
Let s(i) = 11*i - 86. What is s(8)?
2
Let g(u) = 4*u**2 - 109*u + 17. What is g(27)?
-10
Let s(a) = -2*a**2 + 15*a - 11. Determine s(11).
-88
Let z(f) = 2*f**3 - f**2 - f + 2. Calculate z(-2).
-16
Let v(c) = c + 2. Calculate v(5).
7
Let q(s) = s**2 + 6*s + 4. Calculate q(-1).
-1
Let y(p) = -p**2 + 20*p - 79. Determine y(7).
12
Let r(k) = k**2 - 17. Determine r(-5).
8
Let u(j) = 2*j + 2. Calculate u(-9).
-16
Let s(w) = 9*w**2 - 70*w - 11. What is s(8)?
5
Let n(w) = -3*w**2 - 16*w - 2. Calculate n(-6).
-14
Let v(r) = -r - 13. What is v(-7)?
-6
Let j(s) = -6*s - 9. Determine j(-4).
15
Let b(v) = -v - 4. Determine b(-10).
6
Let z(h) = 2*h - 22. Determine z(5).
-12
Let n(m) = -19*m - 1. Give n(1).
-20
Let f(m) = m + 9. What is f(-4)?
5
Let t(p) = p**3 - 24*p**2 + 24*p - 70. Give t(23).
-47
Let a(y) = 4*y - 107. What is a(24)?
-11
Let a(v) = 2*v + 10. Determine a(-5).
0
Let s(w) = w**3 + 2*w**2 - 6*w + 50. Give s(-5).
5
Let p(q) = -58*q - 703. Determine p(-12).
-7
Let y(h) = -2*h + 6. What is y(-3)?
12
Let x(a) = 3*a + 37. Calculate x(-9).
10
Let j(p) = p**3 + 7*p**2 + 17. Give j(-9).
-145
Let a(x) = 36*x**3 - 2*x**2 - 2*x - 1. Give a(-1).
-37
Let a(w) = 11*w + 7. Give a(3).
40
Let s(x) = 5*x + 60. Calculate s(-13).
-5
Let r(v) = 2*v**2 - 32*v + 4. Give r(15).
-26
Let b(f) = f**3 - 2*f**2 + 5*f - 5. Give b(2).
5
Let x(c) = -c**3 + 6*c**2 - 10*c + 76. Give x(6).
16
Let u(i) = -i**3 - 9*i**2 - 2*i - 16. Determine u(-9).
2
Let o(q) = -q**3 - 9*q**2 - 14*q - 12. Give o(-5).
-42
Let z(m) = -m**3 + 7*m**2 - 11*m - 1. What is z(5)?
-6
Let m(h) = 18*h. Give m(-3).
-54
Let z(w) = -w**3 + w**2 - w - 5. Determine z(0).
-5
Let u(s) = -s**3 + 17*s**2 - 16*s + 4. What is u(16)?
4
Let i(v) = 6*v - 13. Calculate i(6).
23
Let v(w) = -w**3 - 16*w**2 - 2*w - 34. Give v(-16).
-2
Let k(p) = p**3 - 5*p**2 + 11*p - 63. What is k(5)?
-8
Let v(q) = q**3 + 4*q**2 + 2*q + 10. What is v(-4)?
2
Let h(u) = -u**3 - 18*u**2 - 2*u + 5. Give h(-18).
41
Let k(u) = -u**3 + 7*u**2 + 1. Calculate k(7).
1
Let q(x) = 8*x**2 - 50*x + 14. What is q(6)?
2
Let b(x) = 6*x - 233. Give b(40).
7
Let q(i) = -i**3 + 5*i**2 + 2*i + 14. Calculate q(6).
-10
Let p(w) = 2*w**2 - 16*w - 9. What is p(9)?
9
Let s(c) = 9*c**2 - c. Give s(-1).
10
Let r(l) = -33*l**3. What is r(1)?
-33
Let b(h) = -3*h - 7. Calculate b(6).
-25
Let y(g) = g**3 - 51*g**2 + 54*g - 194. Calculate y(50).
6
Let i(p) = p**3 + 2*p**2 - 26*p + 2. Determine i(4).
-6
Let m(r) = -8*r - 3. Calculate m(1).
-11
Let b(n) = n**3 - 5*n**2 - 4*n - 12. Calculate b(6).
0
Let m(s) = -4*s - 12. Give m(-2).
-4
Let s(q) = q**3 - 7*q**2 - 2*q - 3. Calculate s(7).
-17
Let v(j) = -12*j - 7. Determine v(-4).
41
Let u(c) = c**3 - 5*c**2 + 8*c - 23. What is u(4)?
-7
Let x(v) = -2*v**2 + 8*v - 8. Determine x(1).
-2
Let c(z) = -z**3 + z**2 + 4*z - 25. Calculate c(0).
-25
Let h(d) = d**3 + 8*d**2 + 3*d + 19. Determine h(-8).
-5
Let d(x) = x**2 + 10*x + 11. Calculate d(-9).
2
Let o(x) = x**3 + 7*x**2 - 3. What is o(-3)?
33
Let w(u) = -u**2 - 31*u - 85. What is w(-28)?
-1
Let o(f) = -2*f**2 - 3*f - 2. Give o(-3).
-11
Let t(x) = -3*x + 7. Determine t(8).
-17
Let q(b) = 5*b**3 + 2*b**2 + 4*b - 1. Calculate q(-2).
-41
Let n(r) = -5*r - 73. Determine n(-14).
-3
Let u(d) = d**3 + 7*d**2 - 4*d - 3. Determine u(-7).
25
Let l(i) = -i**3 + 12*i**2 - 10*i - 7. Determine l(11).
4
Let q(p) = 9*p**2 - 15*p - 16. What is q(2)?
-10
Let s(q) = -2*q - 13. Give s(0).
-13
Let i(r) = r**3 - 8*r**2 + 10*r - 12. Give i(6).
-24
Let f(v) = -7*v - 2. Give f(-3).
19
Let u(j) = 4*j - 2. Determine u(3).
10
Let q(f) = f**3 + 6*f**2 + 2*f - 4. Calculate q(-4).
20
Let m(v) = v**3 - 8*v**2 + v + 1. Calculate m(8).
9
Let d(r) = -32*r**3 + 2*r**2 + 4*r + 1. Determine d(-1).
31
Let h(k) = -2*k**2 - 28*k - 42. Calculate h(-13).
-16
Let n(q) = -3*q - 35. Calculate n(-12).
1
Let h(w) = -w - 14. Calculate h(-4).
-10
Let o(u) = u**2 + 2. Give o(-6).
38
Let t(l) = -l**2 - 14*l - 18. Calculate t(-13).
-5
Let x(v) = -4*v - 28. Determine x(-7).
0
Let f(l) = l**2 + 10*l + 26. What is f(-11)?
37
Let c(x) = x**3 + x**2 - 2*x - 1. Give c(3).
29
Let n(c) = c - 67. Calculate n(20).
-47
Let g(q) = -q + 26. What is g(0)?
26
Let h(p) = -2*p**2 + 3*p - 21. Determine h(-6).
-111
Let m(l) = l**2 - 22*l + 111. Give m(8).
-1
Let l(o) = o**3 - 11*o**2 + 8*o + 9. What is l(9)?
-81
Let z(a) = -a**3 + 6*a**2 - 3*a - 13. Determine z(5).
-3
Let o(g) = -54*g + 157. What is o(3)?
-5
Let k(r) = -r**3 - 5*r**2 - 5*r - 5. What is k(-4)?
-1
Let o(a) = -a**2 - 14*a - 2. What is o(-13)?
11
Let y(n) = -n**2 - 4*n + 3. Determine y(-5).
-2
Let b(a) = -4*a**2 + 3*a + 2. What is b(2)?
-8
Let l(q) = q - 3. Give l(-26).
-29
Let h(y) = y**3 + 15*y**2 + 2*y + 15. What is h(-15)?
-15
Let m(n) = n - 5. Calculate m(6).
1
Let b(f) = -f - 43. Give b(-17).
-26
Let z(x) = x**2 + 2*x - 6. Calculate z(-8).
42
Let w(r) = r**2 - 18*r - 21. Calculate w(18).
-21
Let g(h) = 2*h**2 - 16*h + 10. Give g(7).
-4
Let w(j) = j**3 + 12*j**2 - 15*j - 19. Give w(-13).
7
Let b(z) = -z**2 + 8*z + 6. Determine b(8).
6
Let g(m) = -90*m**2 + 358*m + 5. Determine g(4).
-3
Let f(x) = 28*x + 7. Calculate f(-2).
-49
Let a(p) = p - 10. Determine a(-18).
-28
Let q(p) = -4*p**3 - 8*p**2 - 5*p - 1. Determine q(-2).
9
Let y(z) = -z**3 + 7*z**2 + 8*z + 4. Determine y(8).
4
Let f(k) = -k**3 - 61*k**2 + 62*k + 1. Determine f(-62).
1
Let s(z) = z**2 + 6*z - 3. Determine s(-6).
-3
Let a(u) = -32*u - 10. Give a(1).
-42
Let m(f) = -16*f + 6. Calculate m(0).
6
Let d(c) = -c**3 - c**2 - 3*c + 6. Calculate d(0).
6
Let u(v) = v**2 - 8*v + 10. What is u(3)?
-5
Let k(f) = -171*f**2 - 2*f - 2. What is k(-1)?
-171
Let h(x) = x**2 - 10*x + 8. What is h(9)?
-1
Let n(g) = 14*g**3 + 5*g**2 + 2*g + 1. Determine n(-2).
-95
Let x(n) = 5*n**2 + 5*n + 19. Calculate x(-3).
49
Let t(b) = 22*b + 46. Give t(-2).
2
Let g(m) = -9*m - 6. Determine g(7).
-69
Let m(i) = -i**3 + 8*i**2 + 10*i - 8. What is m(9)?
1
Let w(m) = -2*m**3 + 4*m**2 - 3*m + 2. What is w(3)?
-25
Let o(h) = h**2 - 8*h + 5. Determine o(7).
-2
Let z(k) = k**2 + 3*k - 6. Determine z(-4).
-2
Let o(i) = -i**3 - 2*i**2 + 14*i + 12. Determine o(-5).
17
Let f(j) = -j**3 - j**2 + j - 13. What is f(0)?
-13
Let x(o) = o**2 - 15*o + 38. Give x(12).
2
Let v(m) = -6*m + 127. What is v(24)?
-17
Let s(p) = -p**2 - 12*p - 16. Calculate s(-11).
-5
Let x(i) = i**2 - 3*i - 37. What is x(8)?
3
Let o(f) = -f**2 - 40*f - 129. Give o(-37).
-18
Let a(b) = -6*b**2 - 107*b + 107. What is a(1)?
-6
Let h(s) = s + 3. Calculate h(7).
10
Let n(l) = -3*l**3 + l**2. Give n(-1).
4
Let s(k) = 4*k - 23. What is s(6)?
1
Let o(v) = -4*v + 45. Determine o(10).
5
Let f(u) = u + 4. Determine f(4).
8
Let z(f) = f**3 - 9*f**2 - 5*f + 14. What is z(9)?
-31
Let s(c) = -c**3 + 6*c**2 + 2. Give s